by 420?
77
Calculate the remainder when 7022 is divided by 674.
282
What is the remainder when 68197 is divided by 68081?
116
What is the remainder when 68597 is divided by 34286?
25
What is the remainder when 11721 is divided by 23?
14
Calculate the remainder when 3554 is divided by 1775.
4
Calculate the remainder when 752490 is divided by 49.
46
Calculate the remainder when 1076 is divided by 93.
53
Calculate the remainder when 17426 is divided by 17416.
10
What is the remainder when 9591 is divided by 4?
3
What is the remainder when 3316 is divided by 966?
418
Calculate the remainder when 30832 is divided by 30.
22
Calculate the remainder when 121602 is divided by 86.
84
Calculate the remainder when 15630 is divided by 782.
772
Calculate the remainder when 568 is divided by 178.
34
What is the remainder when 3338 is divided by 2601?
737
Calculate the remainder when 18837 is divided by 319.
16
Calculate the remainder when 920672 is divided by 13.
12
Calculate the remainder when 2039427 is divided by 1299.
1296
Calculate the remainder when 5930 is divided by 25.
5
What is the remainder when 5495 is divided by 1711?
362
What is the remainder when 30551 is divided by 1388?
15
What is the remainder when 551827 is divided by 11996?
11
Calculate the remainder when 73444 is divided by 75.
19
What is the remainder when 5210 is divided by 1736?
2
What is the remainder when 20081 is divided by 245?
236
What is the remainder when 43771 is divided by 40?
11
What is the remainder when 8808 is divided by 2187?
60
Calculate the remainder when 799337 is divided by 17.
14
Calculate the remainder when 11892 is divided by 985.
72
Calculate the remainder when 4072 is divided by 789.
127
Calculate the remainder when 1022312 is divided by 781.
764
What is the remainder when 5340 is divided by 544?
444
Calculate the remainder when 1176563 is divided by 6.
5
What is the remainder when 1848 is divided by 103?
97
What is the remainder when 4750 is divided by 4742?
8
Calculate the remainder when 2859092 is divided by 574.
572
Calculate the remainder when 61532 is divided by 1031.
703
What is the remainder when 1716 is divided by 187?
33
What is the remainder when 9275 is divided by 1905?
1655
What is the remainder when 2730 is divided by 1342?
46
Calculate the remainder when 139379 is divided by 1810.
9
What is the remainder when 4657 is divided by 106?
99
Calculate the remainder when 69033 is divided by 527.
523
What is the remainder when 52252 is divided by 184?
180
What is the remainder when 338522 is divided by 338517?
5
What is the remainder when 18616 is divided by 39?
13
Calculate the remainder when 4544 is divided by 106.
92
What is the remainder when 641273 is divided by 33751?
4
Calculate the remainder when 105565 is divided by 3640.
5
What is the remainder when 3698 is divided by 1231?
5
Calculate the remainder when 3348 is divided by 1107.
27
Calculate the remainder when 899023 is divided by 644.
643
Calculate the remainder when 62192 is divided by 64.
48
What is the remainder when 5736 is divided by 318?
12
What is the remainder when 275855 is divided by 9?
5
Calculate the remainder when 65717 is divided by 508.
185
Calculate the remainder when 3560 is divided by 589.
26
What is the remainder when 1852 is divided by 165?
37
What is the remainder when 22959 is divided by 112?
111
Calculate the remainder when 33315 is divided by 8321.
31
Calculate the remainder when 663765 is divided by 216.
213
What is the remainder when 3745 is divided by 1240?
25
Calculate the remainder when 26921 is divided by 18.
11
What is the remainder when 830 is divided by 812?
18
What is the remainder when 128863 is divided by 7157?
37
Calculate the remainder when 402 is divided by 358.
44
Calculate the remainder when 114393 is divided by 2.
1
What is the remainder when 56422 is divided by 326?
24
What is the remainder when 20717 is divided by 115?
17
Calculate the remainder when 1472 is divided by 455.
107
What is the remainder when 5536798 is divided by 769?
767
What is the remainder when 23320 is divided by 319?
33
What is the remainder when 13478 is divided by 13?
10
Calculate the remainder when 1464 is divided by 721.
22
Calculate the remainder when 319442 is divided by 547.
541
Calculate the remainder when 8426 is divided by 1677.
41
What is the remainder when 30400 is divided by 842?
88
What is the remainder when 4771 is divided by 432?
19
Calculate the remainder when 3243 is divided by 49.
9
What is the remainder when 29869 is divided by 139?
123
What is the remainder when 15647 is divided by 5?
2
Calculate the remainder when 968 is divided by 80.
8
What is the remainder when 7618 is divided by 1878?
106
Calculate the remainder when 18497 is divided by 29.
24
What is the remainder when 206328 is divided by 103161?
6
Calculate the remainder when 2348 is divided by 173.
99
Calculate the remainder when 20847 is divided by 925.
497
What is the remainder when 8332 is divided by 783?
502
Calculate the remainder when 123369 is divided by 298.
295
What is the remainder when 84230 is divided by 558?
530
Calculate the remainder when 435149 is divided by 3481.
24
What is the remainder when 16010 is divided by 7969?
72
Calculate the remainder when 3420 is divided by 569.
6
Calculate the remainder when 1982 is divided by 74.
58
Calculate the remainder when 4906 is divided by 289.
282
What is the remainder when 72529 is divided by 36225?
79
Calculate the remainder when 8213 is divided by 63.
23
What is the remainder when 1807 is divided by 807?
193
Calculate the remainder when 960 is divided by 190.
10
What is the remainder when 143124 is divided by 22?
14
What is the remainder when 217843 is divided by 309?
307
What is the remainder when 659618 is divided by 659609?
9
What is the remainder when 12213 is divided by 32?
21
Calculate the remainder when 817 is divided by 253.
58
What is the remainder when 22458 is divided by 3196?
86
Calculate the remainder when 92537 is divided by 14.
11
Calculate the remainder when 189976 is divided by 161.
157
Calculate the remainder when 10214 is divided by 1459.
1
Calculate the remainder when 139917 is divided by 117.
102
What is the remainder when 6388 is divided by 3136?
116
Calculate the remainder when 6939 is divided by 26.
23
Calculate the remainder when 4763 is divided by 484.
407
Calculate the remainder when 119662 is divided by 265.
147
Calculate the remainder when 778 is divided by 226.
100
Calculate the remainder when 17944 is divided by 563.
491
Calculate the remainder when 1173334 is divided by 305.
304
What is the remainder when 12429 is divided by 518?
515
Calculate the remainder when 81428 is divided by 43.
29
Calculate the remainder when 9244 is divided by 1540.
4
Calculate the remainder when 44273 is divided by 4423.
43
What is the remainder when 23694 is divided by 62?
10
What is the remainder when 14195 is divided by 54?
47
What is the remainder when 2382 is divided by 57?
45
What is the remainder when 5665 is divided by 1208?
833
What is the remainder when 6510 is divided by 1299?
15
What is the remainder when 6180 is divided by 188?
164
What is the remainder when 7896 is divided by 190?
106
What is the remainder when 92804 is divided by 345?
344
What is the remainder when 1261 is divided by 88?
29
What is the remainder when 174320 is divided by 367?
362
Calculate the remainder when 7624 is divided by 3733.
158
Calculate the remainder when 909 is divided by 14.
13
What is the remainder when 13664 is divided by 976?
0
What is the remainder when 1277 is divided by 59?
38
What is the remainder when 1870 is divided by 268?
262
Calculate the remainder when 88101 is divided by 49.
48
What is the remainder when 2902 is divided by 713?
50
What is the remainder when 94447 is divided by 37?
23
Calculate the remainder when 21035 is divided by 55.
25
What is the remainder when 14193 is divided by 569?
537
Calculate the remainder when 116541 is divided by 1110.
1101
Calculate the remainder when 2632 is divided by 41.
8
What is the remainder when 1527 is divided by 294?
57
Calculate the remainder when 92032 is divided by 92028.
4
What is the remainder when 2000 is divided by 228?
176
What is the remainder when 48045 is divided by 696?
21
Wh